t common factor of 12 and n?
12
Let u = -4092 + 7163. What is the greatest common divisor of 83 and u?
83
Let z be 5 - (-1 + 4/(-3 - -5)). Suppose w + z = -a + 71, -2*w + 2*a = -146. Suppose 3*b - w = 119. Calculate the highest common divisor of b and 21.
21
Suppose 16 = -h + 36. Suppose -2*s - 3*n - 2*n + 949 = 0, -4*n = 12. Let z = s + -322. Calculate the greatest common factor of h and z.
20
Let y = 176 + -31. Let f = 313 - y. Calculate the greatest common divisor of 56 and f.
56
Let r(d) = d**3 - 13*d**2 - 28*d - 28. Let u be r(15). Suppose 2*n = -3*k + 9, -5*n + 48 = u*k - 3*k. What is the greatest common divisor of n and 36?
9
Let z = -20942 - -21198. What is the highest common factor of 4672 and z?
64
Suppose -n + 3*n + 5*l - 41 = 0, l = -5*n + 91. Let d(k) = 3*k - 6. Let w = -9 - -14. Let h be d(w). What is the highest common factor of n and h?
9
Let y be 6/(-2) + (-3)/((-12)/160). Suppose -42*p + y*p = -295. Calculate the greatest common factor of p and 531.
59
Let q(o) = 27*o**2 + 755*o - 15. Let u be q(-28). Let b = -219 + 336. Calculate the greatest common factor of b and u.
13
Let h(o) = -o**2 + 58*o - 799. Let i be h(32). Suppose -25 = -5*s, -2*z + s + 161 + 76 = 0. What is the greatest common factor of i and z?
11
Let g = -15547 + 15631. Calculate the greatest common divisor of 6692 and g.
28
Suppose 3*z - 2*x - 6 = 3*x, 2*x + 6 = 0. Let s be 10/6*-3*z. Let c be (-243)/(-2) - (4/(-8) + 2). What is the highest common factor of s and c?
15
Suppose -7*c + 2*c = -95. Let k be -2 - (2 + (1 - c)). Suppose -3*a + 144 - 102 = 0. What is the highest common divisor of a and k?
14
Let q = -47 - -67. Let v(g) = -g**3 - 20*g**2 - 22*g - 56. Let a be v(-19). Suppose d + z = 21, a = -4*z + 5. What is the highest common divisor of q and d?
20
Let s be (49/4)/((-5)/40). Let r = s - -90. Let a(i) = -7*i - 26. Let k be a(r). What is the greatest common divisor of k and 60?
30
Let r be (0 - -12)/(8/48). Suppose -4*d - 2*t = -68, -2*d - 8 = -3*d - 5*t. Let k be (-19)/(1368/(-560)) + 4/d. Calculate the greatest common factor of r and k.
8
Let w(h) = 768*h**2 + 19*h + 1. Let d be w(-1). What is the highest common divisor of d and 350?
50
Let k be ((-7)/(-7) + 4)*1. Suppose 5*a = -2 + 77. Calculate the greatest common factor of k and a.
5
Let s(l) = -2*l**3 - 47*l**2 + 826*l + 43. Let q be s(-46). What is the greatest common divisor of q and 101?
101
Let q = -111 - -1959. What is the highest common divisor of 8 and q?
8
Suppose 5*u - 2940 = 5*s + 1235, 5*s + 847 = u. What is the greatest common divisor of u and 1120?
32
Let l be 12/39 - (-7376023)/533. What is the highest common divisor of l and 21?
21
Suppose -4*m + 55 = -25. Suppose z + m = 2*y, 3*y + 2*z - 3*z - 31 = 0. What is the highest common factor of y and 1243?
11
Suppose 0 = 5*f + 580*d - 582*d - 2400, 480 = f - 3*d. Let x(h) = h**2 + h - 5. Let w be x(-5). Calculate the highest common divisor of f and w.
15
Let t be (-82467)/(-21) - (-13 - (-6 - -2)). Calculate the greatest common divisor of 82 and t.
82
Suppose 0 = -320*y + 292*y + 184632. Calculate the highest common factor of 126 and y.
42
Suppose 0 = 65*d - 169 - 286. Calculate the greatest common factor of d and 16177.
7
Let d be -7*(-62106)/77 - 14. Calculate the highest common divisor of d and 176.
176
Let k be 7 - 1255/(-35) - (-1 + 26/14). What is the highest common divisor of k and 7098?
42
Suppose 58*i - 234 = 56*i. Let v = 16 + 23. Calculate the highest common factor of i and v.
39
Suppose 274*m = 282*m - 1544. Let h be m/13 + -6*(-4)/156. Calculate the highest common divisor of 465 and h.
15
Let n be (-4)/18 + (-272)/(-9). Suppose -5*z = 4*o - 879, -4*z - 15 = o - 221. Let g = o + -220. What is the greatest common factor of g and n?
6
Let p(r) = -r**2 + 3*r + 9. Let l be p(5). Let d be (-3)/l + 0*4/8. Suppose 2*j = s + 25, -d*j + s = 18 - 55. Calculate the highest common factor of 4 and j.
4
Let g = -2 - -2. Suppose g = -q - 0*q + 12. Let h(v) = 23*v**2 - 88*v + 8. Let n be h(4). Calculate the highest common divisor of q and n.
12
Let s(l) = 52*l - 73. Let b be s(-9). Let g = -513 - b. Calculate the greatest common divisor of g and 20.
4
Let c be 21/14*8*-8. Let u be (-5 + 1 + -5)*c. Suppose 7*n = -5*n + u. Calculate the greatest common factor of 18 and n.
18
Let z = -13543 - -13987. What is the greatest common divisor of 72 and z?
12
Let c be ((-11)/(-4))/(22/88). Let d = -168 - -268. Let o = d + -67. Calculate the greatest common factor of o and c.
11
Suppose -94*b + 86*b = -176. Suppose -9*x + 12*x - 66 = 0. Calculate the highest common factor of b and x.
22
Suppose -3*y = -6*x + x + 5180, 5*y - 3108 = -3*x. Calculate the highest common divisor of x and 296.
148
Let m(y) = y**2 + 4. Let l be m(-4). Let v = 280 + -270. Let t be (-300)/24*(-64)/v. Calculate the highest common divisor of l and t.
20
Let q = -151 + 157. Suppose q*g = g + 480. What is the highest common divisor of 32 and g?
32
Suppose -5*k + 15433 = 500*m - 498*m, 5*m - 4*k = 38599. Calculate the highest common divisor of 186 and m.
93
Suppose 9*m - 14115 = -19*m + 2349. Calculate the greatest common divisor of m and 60.
12
Suppose 0 = 110*f - 18*f + 18*f - 22000. What is the highest common factor of 8 and f?
8
Let m(n) = n**2 + 15*n + 15. Let g be m(-14). Let h = -1 + g. Let s be 132/9 + h + 1/3. What is the highest common divisor of 10 and s?
5
Let i = 542 + -344. Suppose 2*t = -2*s + i, -4*s = -2*s - 2*t - 198. Calculate the greatest common factor of 66 and s.
33
Let n = -5469 + 11168. What is the greatest common factor of 41 and n?
41
Suppose -5*j + 5*n = 5, 13*n - 11 = -j + 11*n. Suppose -4*g + 1610 = s, -2*s = j*g + 367 - 1572. Calculate the greatest common divisor of g and 31.
31
Suppose -5*x - a + 137 = -204, 3*x = -a + 203. Let t(s) = -s**2 - 205*s - 5235. Let q be t(-175). Calculate the greatest common factor of x and q.
3
Let r be 1495/35 + (-8)/(-28). Suppose 0 = 7*o + 31*o - 1634. Calculate the highest common divisor of r and o.
43
Suppose 48018 + 6246 = 12*v. Let h be v/17*(-1 - -2). What is the greatest common factor of 42 and h?
14
Let b(q) = q + 20. Let v be b(8). Let t = 36 - v. Suppose 0 = -t*r + 4*r + 60. What is the highest common factor of r and 60?
15
Let i(d) = 249*d**2 - 17*d + 59. Let g be i(4). What is the highest common factor of g and 75?
75
Let c(t) = -4*t**3 + 40*t**2 + 3*t + 46. Let h be c(10). Calculate the highest common divisor of 855 and h.
19
Let o be 1*3 + -21 + 15. Let w be (2 - (-218)/(-10))/(o/15). What is the greatest common divisor of 9 and w?
9
Suppose -6*s + 5*s - 5 = 0. Let q be 48/8 + s + (-2 - -4). Let a(m) = 10*m**2 + 3*m - 4. Let o be a(q). What is the highest common factor of o and 38?
19
Let n(d) = 85*d - 7438. Let q be n(88). What is the greatest common divisor of q and 13286?
14
Let k(g) = -g**3 - 6*g**2 - g + 1. Let h be k(-6). Suppose 0 = 5*a + 2*q - 35, 0*a - a - 2*q = -h. What is the greatest common factor of 56 and a?
7
Let x(a) = -3*a**2 + 50*a - 8. Let b be x(16). Suppose b = 14*f - 32. Calculate the greatest common factor of 3 and f.
1
Suppose 0 = -32*r - 28*r + 19*r + 82041. What is the greatest common factor of 957 and r?
87
Suppose 287 = 4*o + 39. Let w = o - 18. Calculate the highest common factor of w and 198.
22
Let h(y) = 66*y + 80. Let g be h(26). Suppose -3*r + 2699 = 19*q - 17*q, -2*r + g = -2*q. What is the highest common factor of r and 29?
29
Suppose -3*g = -2*g - 30. Let s be (-1)/((-19)/114*1). Calculate the highest common divisor of s and g.
6
Let r(i) = i**2 - 8*i + 7. Let v be r(8). Let z = 16 - v. Let l be (0 - 1)/(-9 - -8). What is the highest common factor of l and z?
1
Suppose 3*w - 2*m - 21 = -5*m, -5*m + 19 = -3*w. Suppose -w*f + 58 = 12. Let i be 2*((-20)/30)/((-12)/207). Calculate the greatest common divisor of f and i.
23
Suppose 15*i = 4*i + 231. Suppose -h = 2*k + 7, 5*h = 2*k - 5*k - i. Let d(n) = 7*n**2 - n - 5. Let v be d(k). Calculate the highest common factor of v and 225.
25
Let j(h) be the first derivative of h**3/3 - h**2 + 4*h - 1. Let p = -1402 - -1408. Let b be j(p). Calculate the greatest common factor of 42 and b.
14
Suppose 11*i = 418 + 1837. Suppose 0 = 11*z - 169 - i. What is the greatest common factor of z and 187?
17
Suppose 304552 = 195*i - 29259 - 2